j be p(-2). Suppose -4*b - 198 + 48 = 2*y, j = 5*b - y + 198. Let w = b - -224. Is w composite?
True
Let r = 25191 - -42980. Is r prime?
True
Let w = -17764 - -45003. Is w prime?
True
Let z(j) = 1964*j - 3. Suppose -6*c = -3 - 3. Is z(c) a prime number?
False
Let x be (1 + -9)/((-6)/3). Suppose -i - 3*u = -4105, -2*i - x*u - 4119 = -3*i. Is i composite?
False
Let f be 8/52 + (-96)/260*-5. Suppose 6*r + f*j - 14256 = -2*j, r = 3*j + 2365. Is r prime?
False
Let p(l) = -70780*l + 5439. Is p(-8) prime?
True
Let f = -69 + 74. Suppose -6714 - 6811 = -f*l. Is l prime?
False
Let s(z) be the third derivative of 5/24*z**4 + 1/12*z**5 + 38*z**2 + 1/120*z**6 - 8/3*z**3 + 0*z + 0. Is s(13) composite?
True
Suppose 44*f - 80 = 54*f. Is (4 - (-44)/f)*9124/(-6) a composite number?
False
Let w be (22 - 20) + -3*(-4)/6. Suppose -3*n = 4*h - 23171, -2*n = -0*h + w*h - 15454. Is n composite?
False
Let s(v) = 173*v - 89. Let z be 16 + (-10 - -5 - -3). Is s(z) prime?
True
Let s = -624 + 2547. Is s a prime number?
False
Suppose -92 = 4*d - 4*o, -37*d = -41*d + o - 104. Is ((-3447)/d + -8)/((-1)/(-57)) prime?
False
Suppose -12*g + 5296 = -14*g. Let p = 10705 + g. Is p a prime number?
False
Let d(z) = 26*z + 49. Let t be (0 - 1 - -1) + (5 - 2). Let m be (16 - -1) + 2*(t - 2). Is d(m) a prime number?
False
Suppose 0 = 16*q - 13*q. Suppose 4*g + 3*g - 29869 = q. Is g prime?
False
Let c(q) be the second derivative of q**4/3 - 3*q**3 + 3*q**2/2 + 51*q. Is c(22) composite?
False
Let u(t) = -35649*t + 1357. Is u(-22) a composite number?
True
Let l(d) = -3 - 5*d + 25*d + 6*d**2 - 64*d**3 + 2 + 62*d**3 - 6. Is l(-6) a composite number?
False
Let l(j) = -4863*j + 4. Let r(p) = 9727*p - 9. Let b(v) = 7*l(v) + 3*r(v). Is b(-1) prime?
True
Is 24/(-40)*(-5484875)/75 composite?
True
Let d be 4/(-18) - 4/(-18). Let h(s) = s**3 - 5*s**2 - 15*s + 20. Let t be h(16). Suppose 0*x - 4*x + t = d. Is x a composite number?
True
Let b be 10/25*-5 + -4. Let w(l) = 35*l**2 + 23*l + 127. Is w(b) a prime number?
True
Suppose h + 5*n - 6687 = 78965, -3*n + 6 = 0. Suppose -h = -8*u + 79806. Is u a prime number?
True
Let n(b) = -9 + 3*b + 10*b**2 + 7*b**2 - 14*b**2 + 0*b. Let p be n(-4). Suppose p*j + 7675 = 32*j. Is j a composite number?
True
Let b(n) = 12*n**3 - 9*n**2 + 18*n - 98. Is b(9) prime?
False
Let v = -10706 + -5084. Is ((-114)/(-190))/((-2)/v) prime?
False
Suppose 0*z = 2*z + 5*f - 11, z - f = 2. Suppose z*a + 3*q - 8037 = 0, 0 = a + 2*a - 2*q - 8032. Suppose -2078 = -4*o + a. Is o prime?
False
Suppose 0 = -1016*l + 1011*l + 1170665. Is l prime?
False
Let l = -723043 + 1208690. Is l a composite number?
False
Suppose t - 151521 = 4*m, 9*t + 909176 = 15*t + m. Is t composite?
True
Suppose -29*f + 265892 = -40*f. Is f/6*(3/(-2) + 0) a prime number?
True
Let z be ((-28)/(-12) + -2)*-3 - -71. Suppose -28745 = -z*h + 65*h. Is h a prime number?
True
Suppose -30*g + 31*g + 52 = 0. Let j = 51 + g. Is (1370/(-20))/(j/14) composite?
True
Let y = -24388 - -226829. Is y composite?
False
Suppose -r + 197 + 1458 = -2*h, h = -2*r + 3310. Is r a composite number?
True
Let y(h) = 10565*h + 6356. Is y(23) a composite number?
True
Suppose -333051 = -3*c + 6*h, 3*h = -70*c + 68*c + 222076. Is c prime?
True
Suppose -9*r = 2*s - 3*s - 2707661, 0 = -r + s + 300853. Is r a composite number?
False
Suppose 4*c + 48 = 3*q + q, 5*q = -c + 30. Suppose -2*f + 27 = q*f. Is 598*3*f/18 composite?
True
Suppose -10*w = -p - 6*w + 104931, -2*p + 5*w + 209841 = 0. Is p a prime number?
False
Let g = 186395 - 55074. Is g a prime number?
True
Suppose -5*o + 2*j = -0*j + 14, -2*o = -j + 5. Let n(i) = i**3 - 6*i**2 - 8*i + 59. Let s be n(5). Is (o/s)/((-6)/(-765)) a prime number?
False
Suppose -23 = -5*u + 2. Suppose 0 = u*n - 3*n - 6. Suppose 1529 = n*t + 4*p + 206, 3*t = -3*p + 1320. Is t a composite number?
True
Suppose -67*i = -66*i + 2. Let a be (-508)/i*(10/(-4) - -3). Suppose 33*d - a = 32*d. Is d prime?
True
Let n(s) = s**2 + 26*s - 252. Let x be n(0). Let o = x - -625. Is o a prime number?
True
Let u(i) = -159258*i**3 - i**2 + 74*i + 139. Is u(-2) composite?
False
Let r = 49597 + 32736. Is r a composite number?
True
Let i = 519 + -272. Let t = i + 1020. Is t a prime number?
False
Let p = 128 - 119. Is (30/(-18))/(-5) - (-9780)/p a composite number?
False
Let y(v) = -12*v - 12. Let w be y(-5). Let u be w/56 + (-3)/(-21). Is ((-23)/3)/(u/(-9)) composite?
True
Let o be -28 - -44 - (6 - -1). Is (-69 - 3)/o - -7443 a composite number?
True
Is 27/6 + (-304)/96*-161061 a composite number?
False
Let p be -5 + 1 - -464 - 0. Suppose 0*d = -4*d + p. Is d prime?
False
Let d be ((-175)/(-539) + (-10)/55)*91. Let p(r) = 39*r**2 - 42*r - 12. Is p(d) prime?
False
Let m(b) be the third derivative of 0*b - 21/40*b**6 + 0 + 0*b**5 - 2/3*b**3 - 1/6*b**4 + 17*b**2. Is m(-3) a prime number?
True
Suppose 11*q - 261322 - 178226 = -q. Is q a prime number?
True
Let g be ((-82)/(-4))/(6520/(-3264) + 2). Let d = g + -595. Is d composite?
True
Let b be 1/4 - ((-175)/20 - -6). Suppose b*c + 0*c - 9 = 0, 3*f + 4*c = 5760. Let h = -659 + f. Is h prime?
False
Let s(g) = 2*g**2 + 77 - 8*g**2 - 33*g + 3*g**2 + 4*g**2. Let f be s(31). Suppose -f*w = -16*w + 487. Is w composite?
False
Suppose 123*k - 3347510 = 113*k. Is k a composite number?
False
Suppose 6369 + 926625 + 800275 = 17*o. Is o prime?
True
Suppose 7*s + 34 = 24*s. Suppose 0 = s*o - 34 + 32. Is (-1*(-2174)/(-2))/(-1)*o a prime number?
True
Let i(k) = -2*k**3 - k**2 + k + 2. Let j be i(0). Suppose -3*y = 0, 3*t + 2*t + j*y - 225 = 0. Let b = t - 20. Is b prime?
False
Let w be 16/28 + 474954/42. Let m = w + -6090. Is m a composite number?
True
Let w(f) = -532*f**2 - 7*f + 6. Let c(s) = 531*s**2 + 8*s - 6. Let y(n) = -3*c(n) - 4*w(n). Is y(1) a composite number?
True
Let b be ((-30)/5)/(-2) - 3. Suppose b*o - 22856 = -8*o. Is o a prime number?
True
Let n be -7*(2 + -3) - -4. Let r be 105630/77 + 2/n. Suppose -2*q = -4*t + 5*t - r, 5*q = -4*t + 5503. Is t prime?
False
Is 2/((4232766/(-3762544))/3 + (-12)/(-32)) composite?
False
Let v be ((-836)/14)/((-15)/35)*24. Let m = -1783 + v. Is m composite?
True
Let t(v) = v**2 - 10*v + 26. Let n be t(6). Suppose -n*w = x - 941, 5*x + 2*w + w = 4691. Is x a composite number?
False
Suppose 4*q - 10 = -q. Suppose -3*l + 4153 = -2*l - q*d, d - 12480 = -3*l. Let p = -2682 + l. Is p composite?
True
Let p be 12/(-72) - 6745/(-6). Let t be 1 - p/8*-2. Suppose -2*l + l = 3*w - 431, -t = -2*w - 2*l. Is w composite?
True
Suppose 17*i - 15*i - 1248314 = -2*w, -3*w + 2*i = -1872501. Is w composite?
False
Let t(h) = -h**2 + 108*h + 63. Is t(34) a composite number?
False
Suppose 2236241 = 82*u + 19*u. Is u a composite number?
True
Let q(p) = -4*p + 3. Let g be q(-4). Suppose -4*x + 31 = g. Suppose -4*v + 3992 + 578 = -5*m, 0 = x*v + 4*m - 3443. Is v a composite number?
True
Let f(p) = p**3 + 26*p**2 + 2*p + 54. Let y be f(-26). Suppose 0 = 14*a - y*a - 86604. Is a a prime number?
False
Let i = -137 + 141. Suppose -i*t + 8554 = -16026. Is t a prime number?
False
Let m(t) = -t**2 + 8*t + 7. Let c be m(9). Let b be c/4 - (60039/6)/7. Is (5/(-30) - b/12) + 3 a composite number?
True
Suppose 360 = 5*t + 5*w, -11*t + 14*t + 2*w - 219 = 0. Let y = -71 + t. Suppose y*o - 8640 = 92. Is o prime?
False
Suppose 4*v = -5*q + 1367535, 6*q - v = 7*q - 273508. Is q prime?
True
Let n = -103 - -99. Let b(a) = -32*a**3 - 9*a**2 - 15*a - 10. Is b(n) a prime number?
False
Let n = -21 - -30. Let f(m) = 7*m - n*m - 7*m + 32. Is f(-13) prime?
True
Is ((-652)/(-6))/(5*(-32)/(-98160)) composite?
True
Let c(k) = 1536*k**2 + 22 + k + 17 - 8*k + 27. Is c(5) composite?
False
Let b be (1 - (1 + (4 - 4)))/1. Suppose 28*u - 3*u - 36475 = b. Is u composite?
False
Is (-25246)/(-12) + -3 - (-9)/54 a prime number?
False
Suppose -l + 4 = 0, 8 = -4*g + 2*g + l. Let x be (1720/30)/(g/(-3)). Is 7/(((-3)/x)/((-3)/2)) a composite number?
True
Suppose -7*a + 50148 + 46011 = 0. Suppose 22*v - 6481 = a. Is v prime?
True
Suppose 5*u - 5 = 2*h, 2 = -4*u + 6*u. Suppose h = -2*x + 28 + 1566. Is x a composite number?
False
Let v(g) = 21*g**2 + 10*g**3 - 3*g - 1 + 20*g**2 - 57*g**2 + 20*g**2. Is v(4) a composite number?
False
Suppose 4*o + 24 = 0, 3*k + 10*o = 8*o + 249129. Is k prime?
True
Let l = 24488 - 108783. Is (